).
-7
Let d(b) = b**2 - 6*b - 7. Let x(i) = i**3 + 7*i + 4. Let l be x(0). Let u be (6/(-9))/((-4)/18). Let g be (4/u)/(l/18). Determine d(g).
-7
Suppose 9*n - 8 = n. Let c(s) = s. Let k(d) = -d**2 - 8*d + 8. Let t(f) = n*k(f) + 5*c(f). What is t(-6)?
-10
Suppose -49 = -5*v + 26. Let m(o) = -7 + 11*o + 14 + v*o - 25*o. Suppose 0 = -3*l + 3, 4*h + 37 = -3*l + 4*l. What is m(h)?
-2
Suppose -2*l + w + 4 = 0, 7*l - 6*l + 5*w + 9 = 0. Let m(q) = 13*q**2 + 4*q - 2. Calculate m(l).
15
Let o be 33/15*12/72*30. Let i(k) = -2*k**2 + 13*k + 8. Calculate i(o).
-91
Let d(c) be the first derivative of 22*c**3/3 - 131*c**2/2 - 5*c - 7005. Calculate d(6).
1
Let u(r) = -1082 - 1079 - 1086 + 3232 + r. Give u(6).
-9
Suppose 0 = -3*p - 2*g + 12, 2*p + 4*g - 2*g - 8 = 0. Let y be (6/(-21))/(6/(-42)). Let h(t) = t**y - 15 - 12 + 31 - t. Give h(p).
16
Let n(j) = -j**2 - 3*j - 4. Let q = -52 - -51. Let x be 1 + q/(7/(-2) + 3). Suppose -8*d + x*d = 15. Calculate n(d).
-4
Let b be 37 + 28/7 + -13. Let y(f) = -99*f + 22*f + 30*f + b*f. Determine y(2).
-38
Suppose -20 = 6*b - b. Let x(d) = 216*d - 123*d + 6 - 87*d + d**2. Calculate x(b).
-2
Let s(w) be the third derivative of w**4/12 + 7*w**3/3 - 8*w**2. Let u = 15281 - 15286. Determine s(u).
4
Let n = -28 + 41. Suppose n*o = 18*o - 10. Let a(k) = 4*k**3 - 5*k**3 + 4*k + 15*k**o - 19*k**2. Calculate a(-4).
-16
Let o(f) = f**2 + 11*f + 31. Let q(z) = -z**3 - 56*z**2 + 239*z - 66. Let b be q(-60). What is o(b)?
1
Let y be 2/(-5) - 7/(-5). Let v be (4/9)/(8*(-9)/(-324)). Let u(s) = 2*s**3 + s**3 - s + 8*s**3 - 16*s**3 + 1 + v*s**3. Give u(y).
-3
Let g(d) = -2*d - 3. Let c(m) = -14*m**2 - 4*m - 24. Let n(s) = 7*s**2 + 2*s + 13. Let l(h) = 6*c(h) + 11*n(h). Let v be l(-1). Determine g(v).
9
Suppose 0 = 2*y - b - 6, 5*b + 31 = 4*y + 13. Let o(q) = -6*q + 4*q**3 - q**3 + 5*q + y*q**2. Suppose 4 = m - k, -5*m + 0*k - k = -2. Determine o(m).
4
Let v(t) be the first derivative of -t**3/3 - 5*t**2 + 31*t - 1151. What is v(-13)?
-8
Let q = -3417 - -3419. Let t(d) be the third derivative of -1/120*d**6 + 0*d + 5*d**q + 0 + 1/6*d**4 - 7/6*d**3 - 1/15*d**5. Give t(-5).
-2
Let u(s) = -5*s**3 - 336*s**2 - 68*s - 65. Let b be u(-67). Let g(m) = 20*m**2 + 3*m - 3. What is g(b)?
83
Let y(z) = -2*z**2 - 3*z. Suppose -4*f - 6 = -2*x - f, -3*f - 6 = 0. Suppose x = -4*p - 2*t - 12, -4*p - t + 4*t - 2 = 0. What is y(p)?
-2
Let x(j) = -j**3 - 2*j**2 - j - 137. Suppose 155*p = 66*p. What is x(p)?
-137
Let f(g) = 7*g**2 - g - 10. Let w(k) = 32*k**2 - 3*k - 41. Let m(z) = 9*f(z) - 2*w(z). Let a = -118 + 111. What is m(a)?
-36
Let a(k) = 5*k**3 + k**2 + 4*k - 4. Let r = -2082 - -2084. Give a(r).
48
Let a(u) = -308*u - 3068. Let r be a(-10). Let o(w) = 10*w - 111. Calculate o(r).
9
Suppose -20*i - 222 - 5 = -27. Let r(o) = 7*o**2 + 13*o - 23. Let g(w) = 11*w**2 + 19*w - 34. Let c(z) = -5*g(z) + 8*r(z). Determine c(i).
-4
Let k(t) be the third derivative of -t**5/4 - t**4/24 - t**3/2 + 1267*t**2. Give k(-2).
-61
Let a(h) = -h**2 - 23*h - 127. Let l be a(-9). Let j(g) = 11*g**2 - 25*g - 25. Let m be j(l). Let y(d) = d**3 - 10*d**2 - 11*d + 11. What is y(m)?
11
Suppose -2*v + 2*q + 2137 = 3*v, 430 = v - 3*q. Suppose -r = 6*r - v. Let t = -65 + r. Let k(x) = -x - 2. Calculate k(t).
2
Let m(s) be the first derivative of s**3/3 + 9*s**2/2 + 8*s + 1. Suppose -5*w - u = 23, -12*w + 4*u + 2 = -17*w. Give m(w).
-10
Let l(x) = 6*x + 4. Let i(s) = -7*s - 3. Let o(r) = 4*i(r) + 5*l(r). Let u(m) = 5*m + 23. Let v(b) = -8*o(b) + 3*u(b). Suppose -11 - 9 = -4*t. Calculate v(t).
0
Let l(b) be the third derivative of -b**6/120 - 7*b**5/60 - b**4/4 - 5*b**3/6 + 3*b**2. Suppose 0 = x + 7*x - 16. Suppose x*q = 16 - 28. What is l(q)?
-5
Let z = 23 - 26. Let i(q) = q**3 + q**2 - q + 2. Let l be i(z). Let x(w) = -4*w - 7. Let y(o) = 9*o + 15. Let n(f) = l*x(f) - 6*y(f). Give n(-3).
7
Let d(v) = -40*v**3 + 32*v**3 + 2 + 273*v - 139*v - 137*v. Determine d(1).
-9
Let a be (6 + (-494)/52)/(14/(-48)). Let x(h) = 3*h**2 - 23*h - 163. Give x(a).
-7
Let u be ((-1)/4)/((-2)/(-24)). Let y be ((-5)/u - 2) + 222/18. Let r(i) = -i + 3*i - 6*i + 3*i + y. Determine r(10).
2
Suppose -o + 2 = -2, 2*o - 12 = -2*u. Let z(p) = -2 - p - u*p + 4*p - 2 - 4. Suppose d - 7 = y - 19, 2*y + 5*d + 11 = 0. Determine z(y).
-1
Suppose -1526 = -109*r - 62*r - 47*r. Let o(j) = 2*j + 18. Give o(r).
32
Let g = -36 - -102. Let a(b) = g - 37 + 2*b - 37. Give a(4).
0
Let z(c) = 0 - 8 - 3 + 3 - 11*c + 16. Calculate z(-3).
41
Let r(g) = g**2 + 114*g + 1024. Let w be r(-104). Let n(p) = -p**2 - 18*p - 24. Calculate n(w).
8
Let x(i) be the second derivative of -7*i**4/24 - i**3/6 - 25*i**2 - 85*i. Let t(j) be the first derivative of x(j). Calculate t(3).
-22
Suppose 33*v + 103*v + 42*v = 1246. Let o(h) be the first derivative of -v - h + 1/2*h**2. Determine o(-5).
-6
Let g(y) = -3*y - 3*y**2 + 0*y + y + 1. Let o be 83/27 - 64/864. Suppose 3*v - 8 = -4*w + 2, -o*v + 2 = 2*w. Determine g(v).
-7
Let r(o) be the third derivative of -o**5/60 - 5*o**4/8 + 3160*o**2. What is r(-15)?
0
Let f = 25281 - 25264. Let i(v) = -2*v + 38. Calculate i(f).
4
Let i be 400/70 - 14/(-49). Let l(y) be the third derivative of -13/6*y**3 + 11/24*y**4 + 3/20*y**5 - 1/120*y**i + 0*y - 6*y**2 + 0. Determine l(10).
-3
Let p(r) = r**3 + 5*r**2 - 7*r. Let l be p(-6). Let j(x) = 5*x + 18. Let t(v) = 12*v + 42. Let q(i) = 7*j(i) - 3*t(i). Give q(l).
-6
Let x(t) = -t**2 + 8*t + 1. Let d(q) = -8*q**3 + 6*q**2 - 5*q + 5. Let o be d(2). Let u be -6*9/o*5. Determine x(u).
13
Let n(o) = 17*o + 1. Let k(d) = -d - 5. Let w be k(-9). Suppose 3*v + w*f + 7 = 0, -3 = 4*v - 2*f - 1. Determine n(v).
-16
Let l(k) be the first derivative of -5/24*k**4 + 0*k - 23 - 9/2*k**2 - 1/6*k**3. Let j(x) be the second derivative of l(x). Calculate j(-1).
4
Let k be (1 + 12/(-8))/(7/(-28)*2). Let f(l) = -4*l**2 - 3*l + 3. Give f(k).
-4
Let h(i) = i**3 - 18*i**2 - 15*i + 31. Let a(c) = -c**3 - 5*c**2 + 123*c - 346. Let w be a(5). What is h(w)?
107
Suppose 249*y + 31 = 275*y + 109. Let i(w) = -w - 4*w + 2*w - 4. Calculate i(y).
5
Let g(x) = -x**3 - 4*x**2 + 6*x + 5. Let k(o) = o**3 + 11*o**2 - o - 16. Let s be 1*(0*3/(-9) - 11). Let p be k(s). Give g(p).
0
Let u(b) be the second derivative of -2*b**3 + b**2 - 10221*b. Let i be 2/(-5) - 24/(-10). Calculate u(i).
-22
Let w(p) = 8*p - 11. Let q(u) = -u**2 - 16*u + 22. Let z be q(-17). Determine w(z).
29
Let p(w) = -2*w**2 - 5*w + 9. Let b = 1881 - 1884. Give p(b).
6
Let f(y) be the first derivative of y**4/4 + 8*y**3/3 + 5*y**2 + 10*y + 175. What is f(-7)?
-11
Let u = -2 - -1. Let h be (-18)/(-21) + (-240)/(-112). Let i(y) = h*y - 2*y + 36220*y**2 - 36224*y**2. Give i(u).
-5
Let h = 166 + -158. Suppose 0 = -25*o + h*o + 51. Let v(u) = 2*u**2 - 4*u + 3. What is v(o)?
9
Let l(w) = -w**3 - 7*w**2 - 7*w + 2. Let s = -51 - -81. Let n = s + -19. Suppose n*u + 12 = 9*u. Give l(u).
8
Let v be ((-12)/(-104))/((-699)/(-12116)). Let l(g) = -g - 1. Let r(t) = -4*t + 5. Let s(y) = 3*l(y) - r(y). Determine s(v).
-6
Let r(l) = 2*l**2 + 7*l + 17. Suppose -14*n = 15*n - 40*n + 14*n. Give r(n).
17
Suppose -15*f + 3*f = -84. Let d(l) = -36*l + 8*l**2 - 37*l - f + 77*l + l**3. Give d(-7).
14
Let p(s) = 2*s - 32. Let q(y) = -y - 1. Let h(o) = -p(o) - 4*q(o). Let w be h(-12). Let n be (18/w)/((-2)/(-8)). Let t(b) = 5*b. What is t(n)?
30
Let r(z) be the first derivative of -2*z**3/3 - 30*z**2 + 59*z + 4517. What is r(-31)?
-3
Let x = -1065 - -1060. Let h(n) = -5 + 63*n - 66*n + 3. Determine h(x).
13
Let l be (10 - (-13 - -25))/(0 + 1) + 7. Let d(k) = -4*k**2 + 24*k + 16. Let h(m) = m**2 - 6*m - 4. Let a(u) = -2*d(u) - 9*h(u). Calculate a(l).
9
Suppose -10*o - 63 = -o. Let v(h) = -h**3 - 7*h - 9 + 0*h**3 + 30450*h**2 - 30458*h**2. Calculate v(o).
-9
Let h(l) = 3*l - 2. Suppose -4*n + 3*s + 61 = 0, 0 = 4*n + s - 71 + 22. Let a(y) = y**3 - 12*y**2 - 8*y - 62. Let c be a(n). What is h(c)?
7
Let j be 2*(2 + 22/(-4)). Let v(k) = 9 - 13634*k**2 + 9*k - k**3 + 4546*k**2 + 4540*k**2 + 4542*k**2. Calculate v(j).
-5
Let k(s) = -s**2 + 10*s + 2. Let v be (-167)/(-14) - ((-133)/(-7))/(-266). What is k(v)?
-22
Let t(q) be the third derivative of q**5/60 + 17*q**4/24 - 67*q**3/3 + 86*q**2. Let i be t(-23). Let l(g) = -5*g + 16. Give l(i).
-4
Let q(r) = -4*r - 8. 